{"id":506,"date":"2020-08-18T20:42:31","date_gmt":"2020-08-18T20:42:31","guid":{"rendered":"http:\/\/ghschile.cl\/index.php\/ventanas-doble-contacto-3\/"},"modified":"2022-04-05T00:45:14","modified_gmt":"2022-04-05T00:45:14","slug":"plegables","status":"publish","type":"page","link":"https:\/\/ghschile.cl\/index.php\/plegables\/","title":{"rendered":"Plegables"},"content":{"rendered":"<p>[et_pb_section fb_built=\u00bb1&#8243; _builder_version=\u00bb4.16&#8243; _module_preset=\u00bbdefault\u00bb use_background_color_gradient=\u00bbon\u00bb background_color_gradient_stops=\u00bbrgba(0,0,0,0.16) 0%|rgba(0,0,0,0.48) 100%\u00bb background_color_gradient_overlays_image=\u00bbon\u00bb background_color_gradient_start=\u00bbrgba(0,0,0,0.16)\u00bb background_color_gradient_end=\u00bbrgba(0,0,0,0.48)\u00bb background_image=\u00bbhttps:\/\/ghschile.cl\/wp-content\/uploads\/2020\/08\/d-2-ghs.jpg\u00bb custom_padding=\u00bb33px||33px||true|\u00bb animation_style=\u00bbfade\u00bb animation_duration=\u00bb3000ms\u00bb animation_delay=\u00bb100ms\u00bb animation_starting_opacity=\u00bb19%\u00bb border_width_bottom=\u00bb3px\u00bb border_color_bottom=\u00bb#ffffff\u00bb global_colors_info=\u00bb{}\u00bb][et_pb_row _builder_version=\u00bb4.16.0&#8243; _module_preset=\u00bbdefault\u00bb max_width=\u00bb1200px\u00bb custom_margin=\u00bb56px|auto||auto|false|false\u00bb custom_padding=\u00bb22px||17px|||\u00bb hover_enabled=\u00bb0&#8243; global_colors_info=\u00bb{}\u00bb sticky_enabled=\u00bb0&#8243;][et_pb_column type=\u00bb4_4&#8243; _builder_version=\u00bb4.16&#8243; _module_preset=\u00bbdefault\u00bb background_enable_color=\u00bboff\u00bb custom_padding=\u00bb8px||8px||true|false\u00bb global_colors_info=\u00bb{}\u00bb][et_pb_text _builder_version=\u00bb4.16&#8243; _module_preset=\u00bbdefault\u00bb text_font=\u00bbComfortaa|700||on|||||\u00bb text_text_color=\u00bb#ffffff\u00bb text_font_size=\u00bb35px\u00bb text_letter_spacing=\u00bb2px\u00bb animation_style=\u00bbfade\u00bb text_font_size_tablet=\u00bb\u00bb text_font_size_phone=\u00bb24px\u00bb text_font_size_last_edited=\u00bbon|phone\u00bb global_colors_info=\u00bb{}\u00bb]<\/p>\n<p>Ventanas Plegables<\/p>\n<p>[\/et_pb_text][\/et_pb_column][\/et_pb_row][et_pb_row column_structure=\u00bb1_2,1_2&#8243; use_custom_gutter=\u00bbon\u00bb gutter_width=\u00bb1&#8243; _builder_version=\u00bb4.16&#8243; _module_preset=\u00bbdefault\u00bb max_width=\u00bb1200px\u00bb custom_padding=\u00bb0px||0px||false|false\u00bb global_colors_info=\u00bb{}\u00bb][et_pb_column type=\u00bb1_2&#8243; _builder_version=\u00bb4.16&#8243; _module_preset=\u00bbdefault\u00bb background_enable_image=\u00bboff\u00bb global_colors_info=\u00bb{}\u00bb][et_pb_image src=\u00bbhttps:\/\/ghschile.cl\/wp-content\/uploads\/2020\/08\/Plegable-e1598474909279.jpg\u00bb title_text=\u00bbPlegable2&#8243; _builder_version=\u00bb4.16&#8243; _module_preset=\u00bbdefault\u00bb animation_style=\u00bbslide\u00bb animation_direction=\u00bbtop\u00bb border_width_all=\u00bb2px\u00bb border_color_top=\u00bb#ffffff\u00bb border_color_right=\u00bb#FFFFFF\u00bb border_color_bottom=\u00bb#ffffff\u00bb border_color_left=\u00bb#ffffff\u00bb global_colors_info=\u00bb{}\u00bb][\/et_pb_image][\/et_pb_column][et_pb_column type=\u00bb1_2&#8243; _builder_version=\u00bb4.16&#8243; _module_preset=\u00bbdefault\u00bb global_colors_info=\u00bb{}\u00bb][et_pb_accordion icon_color=\u00bb#e02b20&#8243; _builder_version=\u00bb4.16&#8243; _module_preset=\u00bbdefault\u00bb background_enable_color=\u00bboff\u00bb animation_style=\u00bbslide\u00bb animation_direction=\u00bbbottom\u00bb body_font_size_tablet=\u00bb\u00bb body_font_size_phone=\u00bb10px\u00bb body_font_size_last_edited=\u00bbon|phone\u00bb box_shadow_style=\u00bbpreset1&#8243; global_colors_info=\u00bb{}\u00bb][et_pb_accordion_item title=\u00bbVENTANAS DE PVC\u00bb open=\u00bbon\u00bb open_toggle_background_color=\u00bbrgba(255,255,255,0.7)\u00bb closed_toggle_text_color=\u00bb#ffffff\u00bb closed_toggle_background_color=\u00bb#003c56&#8243; _builder_version=\u00bb4.16&#8243; _module_preset=\u00bbdefault\u00bb body_text_color=\u00bb#000000&#8243; background_color=\u00bb#ffffff\u00bb background_enable_color=\u00bbon\u00bb custom_padding=\u00bb25px|50px|25px|50px|true|true\u00bb border_width_all=\u00bb0px\u00bb border_width_left=\u00bb1px\u00bb border_color_left=\u00bb#000000&#8243; global_colors_info=\u00bb{}\u00bb closed_toggle_letter_spacing=\u00bb2px\u00bb]<\/p>\n<h2>VENTANAS PLEGABLES<\/h2>\n<p>Estas elegantes puertas tipo acorde\u00f3n a\u00f1aden un verdadero factor sorpresa a cualquier vivienda o recinto y conectan sin problemas los espacios interiores con los exteriores, con rieles horizontales\u00a0para guiar el mecanismo de acorde\u00f3n. Un sistema de herraje especial, hace\u00a0que las hojas se puedan plegar en forma de librillo, con lo cual se consigue\u00a0una m\u00e1xima apertura de los espacios. Prestando al igual que todas las\u00a0ventanas de PVC un perfecto aislamiento t\u00e9rmico y ac\u00fastico ofreciendo un\u00a0\u00f3ptimo grado de insonorizaci\u00f3n, seguridad, f\u00e1cil mantenimiento y\u00a0durabilidad.<\/p>\n<p>[\/et_pb_accordion_item][et_pb_accordion_item title=\u00bbCOLORES DISPONIBLES\u00bb open_toggle_background_color=\u00bbrgba(255,255,255,0.7)\u00bb closed_toggle_text_color=\u00bb#ffffff\u00bb closed_toggle_background_color=\u00bb#003c56&#8243; icon_color=\u00bb#e02b20&#8243; _builder_version=\u00bb4.16&#8243; _module_preset=\u00bbdefault\u00bb custom_padding=\u00bb25px|50px|25px|50px|true|true\u00bb border_width_all=\u00bb0px\u00bb border_width_left=\u00bb1px\u00bb border_color_left=\u00bb#000000&#8243; global_colors_info=\u00bb{}\u00bb closed_toggle_letter_spacing=\u00bb2px\u00bb open=\u00bboff\u00bb]<\/p>\n<table style=\"width: 450px; height: 130px;\">\n<tbody>\n<tr>\n<td style=\"width: 100px;\"><img loading=\"lazy\" decoding=\"async\" src=\"https:\/\/ghschile.cl\/wp-content\/uploads\/2020\/07\/color-blanco-ghs-150x150.png\" width=\"47\" height=\"47\" alt=\"\" class=\"wp-image-50 aligncenter size-thumbnail\" srcset=\"https:\/\/ghschile.cl\/wp-content\/uploads\/2020\/07\/color-blanco-ghs-150x150.png 150w, https:\/\/ghschile.cl\/wp-content\/uploads\/2020\/07\/color-blanco-ghs-100x100.png 100w, https:\/\/ghschile.cl\/wp-content\/uploads\/2020\/07\/color-blanco-ghs.png 300w\" sizes=\"(max-width: 47px) 100vw, 47px\" \/><\/td>\n<td style=\"width: 100px;\"><img loading=\"lazy\" decoding=\"async\" src=\"https:\/\/ghschile.cl\/wp-content\/uploads\/2020\/07\/roble-dorado-ghs-150x150.jpg\" width=\"47\" height=\"47\" alt=\"\" class=\"wp-image-50 aligncenter size-thumbnail\" \/><\/td>\n<td style=\"width: 100px;\"><img loading=\"lazy\" decoding=\"async\" src=\"https:\/\/ghschile.cl\/wp-content\/uploads\/2020\/07\/nogal-ghs-150x150.jpg\" width=\"47\" height=\"47\" alt=\"\" class=\"wp-image-50 aligncenter size-thumbnail\" \/><\/td>\n<td style=\"width: 100px;\"><img loading=\"lazy\" decoding=\"async\" src=\"https:\/\/ghschile.cl\/wp-content\/uploads\/2020\/07\/gris-ghs-150x150.jpg\" width=\"47\" height=\"47\" alt=\"\" class=\"wp-image-50 alignnone size-medium\" style=\"display: block; margin-left: auto; margin-right: auto;\" \/><\/td>\n<\/tr>\n<tr>\n<td style=\"width: 110px; text-align: center;\"><span style=\"color: #000000;\">Blanco<\/span><\/td>\n<td style=\"width: 110px; text-align: center;\"><span style=\"color: #000000;\">Roble Dorado<\/span><\/td>\n<td style=\"width: 110px; text-align: center;\"><span style=\"color: #000000;\">Nogal<\/span><\/td>\n<td style=\"width: 110px; text-align: center;\"><span style=\"color: #000000;\">Antracita<\/span><\/td>\n<\/tr>\n<\/tbody>\n<\/table>\n<p>[\/et_pb_accordion_item][et_pb_accordion_item title=\u00bbFicha T\u00e9cnica\u00bb open_toggle_background_color=\u00bbrgba(255,255,255,0.7)\u00bb closed_toggle_text_color=\u00bb#ffffff\u00bb closed_toggle_background_color=\u00bb#003c56&#8243; icon_color=\u00bb#e02b20&#8243; _builder_version=\u00bb4.16&#8243; _module_preset=\u00bbdefault\u00bb custom_padding=\u00bb25px|50px|25px|50px|true|true\u00bb border_width_all=\u00bb0px\u00bb border_width_top=\u00bb1px\u00bb border_width_left=\u00bb1px\u00bb border_color_left=\u00bb#000000&#8243; global_colors_info=\u00bb{}\u00bb toggle_font=\u00bb|||on|||||\u00bb closed_toggle_letter_spacing=\u00bb2px\u00bb open=\u00bboff\u00bb]<\/p>\n<p><a href=\"https:\/\/ghschile.cl\/wp-content\/uploads\/2020\/09\/FICHA-PUERTAS-PLEGABLES-.pdf\"><img loading=\"lazy\" decoding=\"async\" src=\"https:\/\/ghschile.cl\/wp-content\/uploads\/2020\/08\/1200px-PDF_file_icon.svg_-244x300.png\" width=\"56\" height=\"69\" alt=\"\" class=\"wp-image-274 alignnone size-medium\" \/><\/a><\/p>\n<p><span style=\"color: #000000;\">Descargue nuestra ficha t\u00e9cnica aqu\u00ed.<\/span><\/p>\n<p>[\/et_pb_accordion_item][\/et_pb_accordion][\/et_pb_column][\/et_pb_row][et_pb_row column_structure=\u00bb1_6,1_6,1_6,1_6,1_6,1_6&#8243; use_custom_gutter=\u00bbon\u00bb gutter_width=\u00bb1&#8243; _builder_version=\u00bb4.16&#8243; _module_preset=\u00bbdefault\u00bb max_width=\u00bb1200px\u00bb custom_padding=\u00bb0px||0px||false|false\u00bb global_colors_info=\u00bb{}\u00bb][et_pb_column type=\u00bb1_6&#8243; _builder_version=\u00bb4.16&#8243; _module_preset=\u00bbdefault\u00bb global_colors_info=\u00bb{}\u00bb][\/et_pb_column][et_pb_column type=\u00bb1_6&#8243; _builder_version=\u00bb4.16&#8243; _module_preset=\u00bbdefault\u00bb global_colors_info=\u00bb{}\u00bb][\/et_pb_column][et_pb_column type=\u00bb1_6&#8243; _builder_version=\u00bb4.16&#8243; _module_preset=\u00bbdefault\u00bb global_colors_info=\u00bb{}\u00bb][\/et_pb_column][et_pb_column type=\u00bb1_6&#8243; _builder_version=\u00bb4.16&#8243; _module_preset=\u00bbdefault\u00bb global_colors_info=\u00bb{}\u00bb][\/et_pb_column][et_pb_column type=\u00bb1_6&#8243; _builder_version=\u00bb4.16&#8243; _module_preset=\u00bbdefault\u00bb global_colors_info=\u00bb{}\u00bb][et_pb_button button_url=\u00bbhttps:\/\/ghschile.cl\/index.php\/ventanas-oscilobatientes\/\u00bb button_text=\u00bbAnterior\u00bb button_alignment=\u00bbright\u00bb _builder_version=\u00bb4.16&#8243; _module_preset=\u00bbdefault\u00bb custom_button=\u00bbon\u00bb button_text_size=\u00bb14px\u00bb button_text_color=\u00bb#ffffff\u00bb button_bg_color=\u00bb#e02b20&#8243; button_border_width=\u00bb0px\u00bb button_border_radius=\u00bb0px\u00bb button_letter_spacing=\u00bb0px\u00bb button_font=\u00bbComfortaa|300||on|||||\u00bb button_use_icon=\u00bboff\u00bb custom_margin=\u00bb13px||-8px|50px|false|false\u00bb animation_style=\u00bbslide\u00bb animation_direction=\u00bbright\u00bb animation_duration=\u00bb2000ms\u00bb global_colors_info=\u00bb{}\u00bb][\/et_pb_button][\/et_pb_column][et_pb_column type=\u00bb1_6&#8243; _builder_version=\u00bb4.16&#8243; _module_preset=\u00bbdefault\u00bb global_colors_info=\u00bb{}\u00bb][et_pb_button button_url=\u00bbhttps:\/\/ghschile.cl\/index.php\/ventanas-fijas\/\u00bb button_text=\u00bbSiguiente\u00bb button_alignment=\u00bbright\u00bb _builder_version=\u00bb4.16&#8243; _module_preset=\u00bbdefault\u00bb custom_button=\u00bbon\u00bb button_text_size=\u00bb14px\u00bb button_text_color=\u00bb#ffffff\u00bb button_bg_color=\u00bb#e02b20&#8243; button_border_width=\u00bb0px\u00bb button_border_radius=\u00bb0px\u00bb button_letter_spacing=\u00bb0px\u00bb button_font=\u00bbComfortaa|300||on|||||\u00bb button_use_icon=\u00bboff\u00bb custom_margin=\u00bb13px||-8px|50px|false|false\u00bb animation_style=\u00bbslide\u00bb animation_direction=\u00bbright\u00bb animation_duration=\u00bb2000ms\u00bb global_colors_info=\u00bb{}\u00bb][\/et_pb_button][\/et_pb_column][\/et_pb_row][\/et_pb_section]<\/p>\n","protected":false},"excerpt":{"rendered":"<p>Ventanas PlegablesVENTANAS PLEGABLES Estas elegantes puertas tipo acorde\u00f3n a\u00f1aden un verdadero factor sorpresa a cualquier vivienda o recinto y conectan sin problemas los espacios interiores con los exteriores, con rieles horizontales\u00a0para guiar el mecanismo de acorde\u00f3n. Un sistema de herraje especial, hace\u00a0que las hojas se puedan plegar en forma de librillo, con lo cual se [&hellip;]<\/p>\n","protected":false},"author":5,"featured_media":0,"parent":0,"menu_order":0,"comment_status":"closed","ping_status":"closed","template":"","meta":{"_et_pb_use_builder":"on","_et_pb_old_content":"","_et_gb_content_width":"","footnotes":""},"class_list":["post-506","page","type-page","status-publish","hentry"],"yoast_head":"<!-- This site is optimized with the Yoast SEO plugin v27.0 - https:\/\/yoast.com\/product\/yoast-seo-wordpress\/ -->\n<title>Plegables - ghschile.cl<\/title>\n<meta name=\"robots\" content=\"index, follow, max-snippet:-1, max-image-preview:large, max-video-preview:-1\" \/>\n<link rel=\"canonical\" href=\"https:\/\/ghschile.cl\/index.php\/plegables\/\" \/>\n<meta property=\"og:locale\" content=\"es_ES\" \/>\n<meta property=\"og:type\" content=\"article\" \/>\n<meta property=\"og:title\" content=\"Plegables - ghschile.cl\" \/>\n<meta property=\"og:description\" content=\"Ventanas PlegablesVENTANAS PLEGABLES Estas elegantes puertas tipo acorde\u00f3n a\u00f1aden un verdadero factor sorpresa a cualquier vivienda o recinto y conectan sin problemas los espacios interiores con los exteriores, con rieles horizontales\u00a0para guiar el mecanismo de acorde\u00f3n. Un sistema de herraje especial, hace\u00a0que las hojas se puedan plegar en forma de librillo, con lo cual se [&hellip;]\" \/>\n<meta property=\"og:url\" content=\"https:\/\/ghschile.cl\/index.php\/plegables\/\" \/>\n<meta property=\"og:site_name\" content=\"GHS CHILE\" \/>\n<meta property=\"article:modified_time\" content=\"2022-04-05T00:45:14+00:00\" \/>\n<meta property=\"og:image\" content=\"https:\/\/ghschile.cl\/wp-content\/uploads\/2020\/07\/color-blanco-ghs-150x150.png\" \/>\n<meta name=\"twitter:card\" content=\"summary_large_image\" \/>\n<meta name=\"twitter:label1\" content=\"Tiempo de lectura\" \/>\n\t<meta name=\"twitter:data1\" content=\"5 minutos\" \/>\n<script type=\"application\/ld+json\" class=\"yoast-schema-graph\">{\"@context\":\"https:\/\/schema.org\",\"@graph\":[{\"@type\":\"WebPage\",\"@id\":\"https:\/\/ghschile.cl\/index.php\/plegables\/\",\"url\":\"https:\/\/ghschile.cl\/index.php\/plegables\/\",\"name\":\"Plegables - ghschile.cl\",\"isPartOf\":{\"@id\":\"https:\/\/ghschile.cl\/#website\"},\"primaryImageOfPage\":{\"@id\":\"https:\/\/ghschile.cl\/index.php\/plegables\/#primaryimage\"},\"image\":{\"@id\":\"https:\/\/ghschile.cl\/index.php\/plegables\/#primaryimage\"},\"thumbnailUrl\":\"https:\/\/ghschile.cl\/wp-content\/uploads\/2020\/07\/color-blanco-ghs-150x150.png\",\"datePublished\":\"2020-08-18T20:42:31+00:00\",\"dateModified\":\"2022-04-05T00:45:14+00:00\",\"breadcrumb\":{\"@id\":\"https:\/\/ghschile.cl\/index.php\/plegables\/#breadcrumb\"},\"inLanguage\":\"es\",\"potentialAction\":[{\"@type\":\"ReadAction\",\"target\":[\"https:\/\/ghschile.cl\/index.php\/plegables\/\"]}]},{\"@type\":\"ImageObject\",\"inLanguage\":\"es\",\"@id\":\"https:\/\/ghschile.cl\/index.php\/plegables\/#primaryimage\",\"url\":\"https:\/\/ghschile.cl\/wp-content\/uploads\/2020\/07\/color-blanco-ghs.png\",\"contentUrl\":\"https:\/\/ghschile.cl\/wp-content\/uploads\/2020\/07\/color-blanco-ghs.png\",\"width\":300,\"height\":300},{\"@type\":\"BreadcrumbList\",\"@id\":\"https:\/\/ghschile.cl\/index.php\/plegables\/#breadcrumb\",\"itemListElement\":[{\"@type\":\"ListItem\",\"position\":1,\"name\":\"Portada\",\"item\":\"https:\/\/ghschile.cl\/\"},{\"@type\":\"ListItem\",\"position\":2,\"name\":\"Plegables\"}]},{\"@type\":\"WebSite\",\"@id\":\"https:\/\/ghschile.cl\/#website\",\"url\":\"https:\/\/ghschile.cl\/\",\"name\":\"GHS CHILE\",\"description\":\"Techos y Revestimientos\",\"publisher\":{\"@id\":\"https:\/\/ghschile.cl\/#organization\"},\"potentialAction\":[{\"@type\":\"SearchAction\",\"target\":{\"@type\":\"EntryPoint\",\"urlTemplate\":\"https:\/\/ghschile.cl\/?s={search_term_string}\"},\"query-input\":{\"@type\":\"PropertyValueSpecification\",\"valueRequired\":true,\"valueName\":\"search_term_string\"}}],\"inLanguage\":\"es\"},{\"@type\":\"Organization\",\"@id\":\"https:\/\/ghschile.cl\/#organization\",\"name\":\"GHS CHILE\",\"alternateName\":\"GHSCHILE techos\",\"url\":\"https:\/\/ghschile.cl\/\",\"logo\":{\"@type\":\"ImageObject\",\"inLanguage\":\"es\",\"@id\":\"https:\/\/ghschile.cl\/#\/schema\/logo\/image\/\",\"url\":\"https:\/\/ghschile.cl\/wp-content\/uploads\/2022\/06\/logo-ghs.png\",\"contentUrl\":\"https:\/\/ghschile.cl\/wp-content\/uploads\/2022\/06\/logo-ghs.png\",\"width\":500,\"height\":500,\"caption\":\"GHS CHILE\"},\"image\":{\"@id\":\"https:\/\/ghschile.cl\/#\/schema\/logo\/image\/\"}}]}<\/script>\n<!-- \/ Yoast SEO plugin. -->","yoast_head_json":{"title":"Plegables - ghschile.cl","robots":{"index":"index","follow":"follow","max-snippet":"max-snippet:-1","max-image-preview":"max-image-preview:large","max-video-preview":"max-video-preview:-1"},"canonical":"https:\/\/ghschile.cl\/index.php\/plegables\/","og_locale":"es_ES","og_type":"article","og_title":"Plegables - ghschile.cl","og_description":"Ventanas PlegablesVENTANAS PLEGABLES Estas elegantes puertas tipo acorde\u00f3n a\u00f1aden un verdadero factor sorpresa a cualquier vivienda o recinto y conectan sin problemas los espacios interiores con los exteriores, con rieles horizontales\u00a0para guiar el mecanismo de acorde\u00f3n. Un sistema de herraje especial, hace\u00a0que las hojas se puedan plegar en forma de librillo, con lo cual se [&hellip;]","og_url":"https:\/\/ghschile.cl\/index.php\/plegables\/","og_site_name":"GHS CHILE","article_modified_time":"2022-04-05T00:45:14+00:00","og_image":[{"url":"https:\/\/ghschile.cl\/wp-content\/uploads\/2020\/07\/color-blanco-ghs-150x150.png","type":"","width":"","height":""}],"twitter_card":"summary_large_image","twitter_misc":{"Tiempo de lectura":"5 minutos"},"schema":{"@context":"https:\/\/schema.org","@graph":[{"@type":"WebPage","@id":"https:\/\/ghschile.cl\/index.php\/plegables\/","url":"https:\/\/ghschile.cl\/index.php\/plegables\/","name":"Plegables - ghschile.cl","isPartOf":{"@id":"https:\/\/ghschile.cl\/#website"},"primaryImageOfPage":{"@id":"https:\/\/ghschile.cl\/index.php\/plegables\/#primaryimage"},"image":{"@id":"https:\/\/ghschile.cl\/index.php\/plegables\/#primaryimage"},"thumbnailUrl":"https:\/\/ghschile.cl\/wp-content\/uploads\/2020\/07\/color-blanco-ghs-150x150.png","datePublished":"2020-08-18T20:42:31+00:00","dateModified":"2022-04-05T00:45:14+00:00","breadcrumb":{"@id":"https:\/\/ghschile.cl\/index.php\/plegables\/#breadcrumb"},"inLanguage":"es","potentialAction":[{"@type":"ReadAction","target":["https:\/\/ghschile.cl\/index.php\/plegables\/"]}]},{"@type":"ImageObject","inLanguage":"es","@id":"https:\/\/ghschile.cl\/index.php\/plegables\/#primaryimage","url":"https:\/\/ghschile.cl\/wp-content\/uploads\/2020\/07\/color-blanco-ghs.png","contentUrl":"https:\/\/ghschile.cl\/wp-content\/uploads\/2020\/07\/color-blanco-ghs.png","width":300,"height":300},{"@type":"BreadcrumbList","@id":"https:\/\/ghschile.cl\/index.php\/plegables\/#breadcrumb","itemListElement":[{"@type":"ListItem","position":1,"name":"Portada","item":"https:\/\/ghschile.cl\/"},{"@type":"ListItem","position":2,"name":"Plegables"}]},{"@type":"WebSite","@id":"https:\/\/ghschile.cl\/#website","url":"https:\/\/ghschile.cl\/","name":"GHS CHILE","description":"Techos y Revestimientos","publisher":{"@id":"https:\/\/ghschile.cl\/#organization"},"potentialAction":[{"@type":"SearchAction","target":{"@type":"EntryPoint","urlTemplate":"https:\/\/ghschile.cl\/?s={search_term_string}"},"query-input":{"@type":"PropertyValueSpecification","valueRequired":true,"valueName":"search_term_string"}}],"inLanguage":"es"},{"@type":"Organization","@id":"https:\/\/ghschile.cl\/#organization","name":"GHS CHILE","alternateName":"GHSCHILE techos","url":"https:\/\/ghschile.cl\/","logo":{"@type":"ImageObject","inLanguage":"es","@id":"https:\/\/ghschile.cl\/#\/schema\/logo\/image\/","url":"https:\/\/ghschile.cl\/wp-content\/uploads\/2022\/06\/logo-ghs.png","contentUrl":"https:\/\/ghschile.cl\/wp-content\/uploads\/2022\/06\/logo-ghs.png","width":500,"height":500,"caption":"GHS CHILE"},"image":{"@id":"https:\/\/ghschile.cl\/#\/schema\/logo\/image\/"}}]}},"_links":{"self":[{"href":"https:\/\/ghschile.cl\/index.php\/wp-json\/wp\/v2\/pages\/506","targetHints":{"allow":["GET"]}}],"collection":[{"href":"https:\/\/ghschile.cl\/index.php\/wp-json\/wp\/v2\/pages"}],"about":[{"href":"https:\/\/ghschile.cl\/index.php\/wp-json\/wp\/v2\/types\/page"}],"author":[{"embeddable":true,"href":"https:\/\/ghschile.cl\/index.php\/wp-json\/wp\/v2\/users\/5"}],"replies":[{"embeddable":true,"href":"https:\/\/ghschile.cl\/index.php\/wp-json\/wp\/v2\/comments?post=506"}],"version-history":[{"count":11,"href":"https:\/\/ghschile.cl\/index.php\/wp-json\/wp\/v2\/pages\/506\/revisions"}],"predecessor-version":[{"id":1658,"href":"https:\/\/ghschile.cl\/index.php\/wp-json\/wp\/v2\/pages\/506\/revisions\/1658"}],"wp:attachment":[{"href":"https:\/\/ghschile.cl\/index.php\/wp-json\/wp\/v2\/media?parent=506"}],"curies":[{"name":"wp","href":"https:\/\/api.w.org\/{rel}","templated":true}]}}